{"id":15883,"date":"2023-03-30T14:40:50","date_gmt":"2023-03-30T18:40:50","guid":{"rendered":"https:\/\/faci.uprrp.edu\/maestria-comunicacion\/?page_id=15883"},"modified":"2023-04-11T13:49:15","modified_gmt":"2023-04-11T17:49:15","slug":"facultad","status":"publish","type":"page","link":"https:\/\/faci.uprrp.edu\/maestria-comunicacion\/facultad\/","title":{"rendered":"Facultad"},"content":{"rendered":"\n<div class=\"wp-block-columns alignwide has-background is-layout-flex wp-container-core-columns-is-layout-8f761849 wp-block-columns-is-layout-flex\" style=\"background-color:#f6f7f9\">\n<div class=\"wp-block-column ma-single-page-header is-layout-flow wp-block-column-is-layout-flow\" style=\"flex-basis:85%\">\n<h2 class=\"wp-block-heading\">Facultad graduada<\/h2>\n\n\n\n<h3 class=\"wp-block-heading has-text-align-left has-text-color\" style=\"color:#555753\">El Programa Graduado en Comunicaci\u00f3n cuenta con un cuerpo docente con prestigiosas credenciales, extensa experiencia profesional y amplio conocimiento de software de investigaci\u00f3n y creaci\u00f3n <\/h3>\n<\/div>\n<\/div>\n\n\n\n<div class=\"wp-block-columns is-layout-flex wp-container-core-columns-is-layout-8f761849 wp-block-columns-is-layout-flex\">\n<div class=\"wp-block-column is-layout-flow wp-block-column-is-layout-flow\" style=\"flex-basis:85%\">\n<h2 class=\"wp-block-heading has-text-align-center\">Conoce a nuestra facultad<\/h2>\n\n\n\n<div style=\"height:30px\" aria-hidden=\"true\" class=\"wp-block-spacer\"><\/div>\n\n\n\n<div class=\"wp-block-columns ma-faculty-box is-layout-flex wp-container-core-columns-is-layout-8f761849 wp-block-columns-is-layout-flex\">\n<div class=\"wp-block-column is-layout-flow wp-block-column-is-layout-flow\"><div class=\"wp-block-image\">\n<figure class=\"aligncenter size-full is-resized\"><img decoding=\"async\" src=\"https:\/\/faci.uprrp.edu\/maestria-comunicacion\/wp-content\/uploads\/sites\/4\/2023\/03\/profesora-Ramaris-Albert-programa-maestria.png\" alt=\"\" class=\"wp-image-15528\" width=\"196\" height=\"196\" srcset=\"https:\/\/faci.uprrp.edu\/maestria-comunicacion\/wp-content\/uploads\/sites\/4\/2023\/03\/profesora-Ramaris-Albert-programa-maestria.png 508w, https:\/\/faci.uprrp.edu\/maestria-comunicacion\/wp-content\/uploads\/sites\/4\/2023\/03\/profesora-Ramaris-Albert-programa-maestria-300x300.png 300w, https:\/\/faci.uprrp.edu\/maestria-comunicacion\/wp-content\/uploads\/sites\/4\/2023\/03\/profesora-Ramaris-Albert-programa-maestria-150x150.png 150w\" sizes=\"(max-width: 196px) 100vw, 196px\" \/><\/figure>\n<\/div>\n\n\n<p class=\"has-text-align-center wp-block-paragraph\"><strong>Dra. Ramaris Albert Trinidad <\/strong><\/p>\n\n\n\n<div class=\"wp-block-buttons is-content-justification-center is-layout-flex wp-container-core-buttons-is-layout-fe48e5de wp-block-buttons-is-layout-flex\">\n<div class=\"wp-block-button\"><a class=\"wp-block-button__link has-primary-background-color has-background has-text-align-center wp-element-button\" href=\"https:\/\/faci.uprrp.edu\/maestria-comunicacion\/ramaris-albert-trinidad\/\" style=\"border-radius:3px\"><strong>Conoce m\u00e1s<\/strong><\/a><\/div>\n<\/div>\n<\/div>\n\n\n\n<div class=\"wp-block-column is-layout-flow wp-block-column-is-layout-flow\"><div class=\"wp-block-image\">\n<figure class=\"aligncenter size-full is-resized\"><img decoding=\"async\" src=\"https:\/\/faci.uprrp.edu\/maestria-comunicacion\/wp-content\/uploads\/sites\/4\/2023\/03\/profesor-Israel-Rodruiguez-programa-maestria.png\" alt=\"\" class=\"wp-image-15529\" width=\"196\" height=\"196\" srcset=\"https:\/\/faci.uprrp.edu\/maestria-comunicacion\/wp-content\/uploads\/sites\/4\/2023\/03\/profesor-Israel-Rodruiguez-programa-maestria.png 508w, https:\/\/faci.uprrp.edu\/maestria-comunicacion\/wp-content\/uploads\/sites\/4\/2023\/03\/profesor-Israel-Rodruiguez-programa-maestria-300x300.png 300w, https:\/\/faci.uprrp.edu\/maestria-comunicacion\/wp-content\/uploads\/sites\/4\/2023\/03\/profesor-Israel-Rodruiguez-programa-maestria-150x150.png 150w\" sizes=\"(max-width: 196px) 100vw, 196px\" \/><\/figure>\n<\/div>\n\n\n<p class=\"has-text-align-center wp-block-paragraph\"><strong>Dr. Israel Rodr\u00edguez S\u00e1nchez<\/strong><\/p>\n\n\n\n<div class=\"wp-block-buttons is-content-justification-center is-layout-flex wp-container-core-buttons-is-layout-fe48e5de wp-block-buttons-is-layout-flex\">\n<div class=\"wp-block-button\"><a class=\"wp-block-button__link has-primary-background-color has-background has-text-align-center wp-element-button\" href=\"https:\/\/faci.uprrp.edu\/maestria-comunicacion\/israel-rodriguez-sanchez\/\" style=\"border-radius:3px\"><strong>Conoce m\u00e1s<\/strong><\/a><\/div>\n<\/div>\n<\/div>\n<\/div>\n<\/div>\n<\/div>\n\n\n\n<div class=\"wp-block-columns is-layout-flex wp-container-core-columns-is-layout-8f761849 wp-block-columns-is-layout-flex\">\n<div class=\"wp-block-column is-layout-flow wp-block-column-is-layout-flow\" style=\"flex-basis:85%\">\n<div class=\"wp-block-columns ma-faculty-box is-layout-flex wp-container-core-columns-is-layout-8f761849 wp-block-columns-is-layout-flex\">\n<div class=\"wp-block-column is-layout-flow wp-block-column-is-layout-flow\"><div class=\"wp-block-image\">\n<figure class=\"aligncenter size-full is-resized\"><img decoding=\"async\" src=\"https:\/\/faci.uprrp.edu\/maestria-comunicacion\/wp-content\/uploads\/sites\/4\/2023\/03\/profesor-Alfredo-Rivas-programa-maestria.png\" alt=\"\" class=\"wp-image-15565\" width=\"196\" height=\"196\" srcset=\"https:\/\/faci.uprrp.edu\/maestria-comunicacion\/wp-content\/uploads\/sites\/4\/2023\/03\/profesor-Alfredo-Rivas-programa-maestria.png 508w, https:\/\/faci.uprrp.edu\/maestria-comunicacion\/wp-content\/uploads\/sites\/4\/2023\/03\/profesor-Alfredo-Rivas-programa-maestria-300x300.png 300w, https:\/\/faci.uprrp.edu\/maestria-comunicacion\/wp-content\/uploads\/sites\/4\/2023\/03\/profesor-Alfredo-Rivas-programa-maestria-150x150.png 150w\" sizes=\"(max-width: 196px) 100vw, 196px\" \/><\/figure>\n<\/div>\n\n\n<p class=\"has-text-align-center wp-block-paragraph\"><strong>Dr. Alfredo Rivas V\u00e9lez <\/strong><\/p>\n\n\n\n<div class=\"wp-block-buttons is-content-justification-center is-layout-flex wp-container-core-buttons-is-layout-fe48e5de wp-block-buttons-is-layout-flex\">\n<div class=\"wp-block-button\"><a class=\"wp-block-button__link has-primary-background-color has-background has-text-align-center wp-element-button\" href=\"https:\/\/faci.uprrp.edu\/maestria-comunicacion\/alfredo-rivas-velez\/\" style=\"border-radius:3px\"><strong>Conoce m\u00e1s<\/strong><\/a><\/div>\n<\/div>\n<\/div>\n\n\n\n<div class=\"wp-block-column is-layout-flow wp-block-column-is-layout-flow\"><div class=\"wp-block-image\">\n<figure class=\"aligncenter size-full is-resized\"><img loading=\"lazy\" decoding=\"async\" src=\"https:\/\/faci.uprrp.edu\/maestria-comunicacion\/wp-content\/uploads\/sites\/4\/2023\/03\/profesor-Ruben-Ramirez-programa-maestria.png\" alt=\"\" class=\"wp-image-15567\" width=\"196\" height=\"196\" srcset=\"https:\/\/faci.uprrp.edu\/maestria-comunicacion\/wp-content\/uploads\/sites\/4\/2023\/03\/profesor-Ruben-Ramirez-programa-maestria.png 508w, https:\/\/faci.uprrp.edu\/maestria-comunicacion\/wp-content\/uploads\/sites\/4\/2023\/03\/profesor-Ruben-Ramirez-programa-maestria-300x300.png 300w, https:\/\/faci.uprrp.edu\/maestria-comunicacion\/wp-content\/uploads\/sites\/4\/2023\/03\/profesor-Ruben-Ramirez-programa-maestria-150x150.png 150w\" sizes=\"(max-width: 196px) 100vw, 196px\" \/><\/figure>\n<\/div>\n\n\n<p class=\"has-text-align-center wp-block-paragraph\"><strong>Dr. Rub\u00e9n Ram\u00edrez S\u00e1nchez<\/strong><\/p>\n\n\n\n<div class=\"wp-block-buttons is-content-justification-center is-layout-flex wp-container-core-buttons-is-layout-fe48e5de wp-block-buttons-is-layout-flex\">\n<div class=\"wp-block-button\"><a class=\"wp-block-button__link has-primary-background-color has-background has-text-align-center wp-element-button\" href=\"https:\/\/faci.uprrp.edu\/maestria-comunicacion\/ruben-ramirez-sanchez\/\" style=\"border-radius:3px\"><strong>Conoce m\u00e1s<\/strong><\/a><\/div>\n<\/div>\n<\/div>\n<\/div>\n<\/div>\n<\/div>\n","protected":false},"excerpt":{"rendered":"<p>Facultad graduada El Programa Graduado en Comunicaci\u00f3n cuenta con un cuerpo docente con prestigiosas credenciales, extensa experiencia profesional y amplio conocimiento de software de investigaci\u00f3n y creaci\u00f3n Conoce a nuestra facultad Dra. Ramaris Albert Trinidad Dr. Israel Rodr\u00edguez S\u00e1nchez Dr. &hellip; <\/p>\n","protected":false},"author":7,"featured_media":0,"parent":0,"menu_order":0,"comment_status":"closed","ping_status":"closed","template":"","meta":{"_crdt_document":"","footnotes":""},"class_list":["post-15883","page","type-page","status-publish","hentry"],"_links":{"self":[{"href":"https:\/\/faci.uprrp.edu\/maestria-comunicacion\/wp-json\/wp\/v2\/pages\/15883","targetHints":{"allow":["GET"]}}],"collection":[{"href":"https:\/\/faci.uprrp.edu\/maestria-comunicacion\/wp-json\/wp\/v2\/pages"}],"about":[{"href":"https:\/\/faci.uprrp.edu\/maestria-comunicacion\/wp-json\/wp\/v2\/types\/page"}],"author":[{"embeddable":true,"href":"https:\/\/faci.uprrp.edu\/maestria-comunicacion\/wp-json\/wp\/v2\/users\/7"}],"replies":[{"embeddable":true,"href":"https:\/\/faci.uprrp.edu\/maestria-comunicacion\/wp-json\/wp\/v2\/comments?post=15883"}],"version-history":[{"count":28,"href":"https:\/\/faci.uprrp.edu\/maestria-comunicacion\/wp-json\/wp\/v2\/pages\/15883\/revisions"}],"predecessor-version":[{"id":15954,"href":"https:\/\/faci.uprrp.edu\/maestria-comunicacion\/wp-json\/wp\/v2\/pages\/15883\/revisions\/15954"}],"wp:attachment":[{"href":"https:\/\/faci.uprrp.edu\/maestria-comunicacion\/wp-json\/wp\/v2\/media?parent=15883"}],"curies":[{"name":"wp","href":"https:\/\/api.w.org\/{rel}","templated":true}]}}

<div class="wp-block-columns alignwide has-background is-layout-flex wp-container-core-columns-is-layout-8f761849 wp-block-columns-is-layout-flex" style="background-color:#f6f7f9">
<div class="wp-block-column ma-single-page-header is-layout-flow wp-block-column-is-layout-flow" style="flex-basis:85%">
<h2 class="wp-block-heading">Facultad graduada</h2>



<h3 class="wp-block-heading has-text-align-left has-text-color" style="color:#555753">El Programa Graduado en Comunicación cuenta con un cuerpo docente con prestigiosas credenciales, extensa experiencia profesional y amplio conocimiento de software de investigación y creación </h3>
</div>
</div>



<div class="wp-block-columns is-layout-flex wp-container-core-columns-is-layout-8f761849 wp-block-columns-is-layout-flex">
<div class="wp-block-column is-layout-flow wp-block-column-is-layout-flow" style="flex-basis:85%">
<h2 class="wp-block-heading has-text-align-center">Conoce a nuestra facultad</h2>



<div style="height:30px" aria-hidden="true" class="wp-block-spacer"></div>



<div class="wp-block-columns ma-faculty-box is-layout-flex wp-container-core-columns-is-layout-8f761849 wp-block-columns-is-layout-flex">
<div class="wp-block-column is-layout-flow wp-block-column-is-layout-flow"><div class="wp-block-image">
<figure class="aligncenter size-full is-resized"><img decoding="async" src="https://faci.uprrp.edu/maestria-comunicacion/wp-content/uploads/sites/4/2023/03/profesora-Ramaris-Albert-programa-maestria.png" alt="" class="wp-image-15528" width="196" height="196" srcset="https://faci.uprrp.edu/maestria-comunicacion/wp-content/uploads/sites/4/2023/03/profesora-Ramaris-Albert-programa-maestria.png 508w, https://faci.uprrp.edu/maestria-comunicacion/wp-content/uploads/sites/4/2023/03/profesora-Ramaris-Albert-programa-maestria-300x300.png 300w, https://faci.uprrp.edu/maestria-comunicacion/wp-content/uploads/sites/4/2023/03/profesora-Ramaris-Albert-programa-maestria-150x150.png 150w" sizes="(max-width: 196px) 100vw, 196px" /></figure>
</div>


<p class="has-text-align-center wp-block-paragraph"><strong>Dra. Ramaris Albert Trinidad </strong></p>



<div class="wp-block-buttons is-content-justification-center is-layout-flex wp-container-core-buttons-is-layout-fe48e5de wp-block-buttons-is-layout-flex">
<div class="wp-block-button"><a class="wp-block-button__link has-primary-background-color has-background has-text-align-center wp-element-button" href="https://faci.uprrp.edu/maestria-comunicacion/ramaris-albert-trinidad/" style="border-radius:3px"><strong>Conoce más</strong></a></div>
</div>
</div>



<div class="wp-block-column is-layout-flow wp-block-column-is-layout-flow"><div class="wp-block-image">
<figure class="aligncenter size-full is-resized"><img decoding="async" src="https://faci.uprrp.edu/maestria-comunicacion/wp-content/uploads/sites/4/2023/03/profesor-Israel-Rodruiguez-programa-maestria.png" alt="" class="wp-image-15529" width="196" height="196" srcset="https://faci.uprrp.edu/maestria-comunicacion/wp-content/uploads/sites/4/2023/03/profesor-Israel-Rodruiguez-programa-maestria.png 508w, https://faci.uprrp.edu/maestria-comunicacion/wp-content/uploads/sites/4/2023/03/profesor-Israel-Rodruiguez-programa-maestria-300x300.png 300w, https://faci.uprrp.edu/maestria-comunicacion/wp-content/uploads/sites/4/2023/03/profesor-Israel-Rodruiguez-programa-maestria-150x150.png 150w" sizes="(max-width: 196px) 100vw, 196px" /></figure>
</div>


<p class="has-text-align-center wp-block-paragraph"><strong>Dr. Israel Rodríguez Sánchez</strong></p>



<div class="wp-block-buttons is-content-justification-center is-layout-flex wp-container-core-buttons-is-layout-fe48e5de wp-block-buttons-is-layout-flex">
<div class="wp-block-button"><a class="wp-block-button__link has-primary-background-color has-background has-text-align-center wp-element-button" href="https://faci.uprrp.edu/maestria-comunicacion/israel-rodriguez-sanchez/" style="border-radius:3px"><strong>Conoce más</strong></a></div>
</div>
</div>
</div>
</div>
</div>



<div class="wp-block-columns is-layout-flex wp-container-core-columns-is-layout-8f761849 wp-block-columns-is-layout-flex">
<div class="wp-block-column is-layout-flow wp-block-column-is-layout-flow" style="flex-basis:85%">
<div class="wp-block-columns ma-faculty-box is-layout-flex wp-container-core-columns-is-layout-8f761849 wp-block-columns-is-layout-flex">
<div class="wp-block-column is-layout-flow wp-block-column-is-layout-flow"><div class="wp-block-image">
<figure class="aligncenter size-full is-resized"><img decoding="async" src="https://faci.uprrp.edu/maestria-comunicacion/wp-content/uploads/sites/4/2023/03/profesor-Alfredo-Rivas-programa-maestria.png" alt="" class="wp-image-15565" width="196" height="196" srcset="https://faci.uprrp.edu/maestria-comunicacion/wp-content/uploads/sites/4/2023/03/profesor-Alfredo-Rivas-programa-maestria.png 508w, https://faci.uprrp.edu/maestria-comunicacion/wp-content/uploads/sites/4/2023/03/profesor-Alfredo-Rivas-programa-maestria-300x300.png 300w, https://faci.uprrp.edu/maestria-comunicacion/wp-content/uploads/sites/4/2023/03/profesor-Alfredo-Rivas-programa-maestria-150x150.png 150w" sizes="(max-width: 196px) 100vw, 196px" /></figure>
</div>


<p class="has-text-align-center wp-block-paragraph"><strong>Dr. Alfredo Rivas Vélez </strong></p>



<div class="wp-block-buttons is-content-justification-center is-layout-flex wp-container-core-buttons-is-layout-fe48e5de wp-block-buttons-is-layout-flex">
<div class="wp-block-button"><a class="wp-block-button__link has-primary-background-color has-background has-text-align-center wp-element-button" href="https://faci.uprrp.edu/maestria-comunicacion/alfredo-rivas-velez/" style="border-radius:3px"><strong>Conoce más</strong></a></div>
</div>
</div>



<div class="wp-block-column is-layout-flow wp-block-column-is-layout-flow"><div class="wp-block-image">
<figure class="aligncenter size-full is-resized"><img loading="lazy" decoding="async" src="https://faci.uprrp.edu/maestria-comunicacion/wp-content/uploads/sites/4/2023/03/profesor-Ruben-Ramirez-programa-maestria.png" alt="" class="wp-image-15567" width="196" height="196" srcset="https://faci.uprrp.edu/maestria-comunicacion/wp-content/uploads/sites/4/2023/03/profesor-Ruben-Ramirez-programa-maestria.png 508w, https://faci.uprrp.edu/maestria-comunicacion/wp-content/uploads/sites/4/2023/03/profesor-Ruben-Ramirez-programa-maestria-300x300.png 300w, https://faci.uprrp.edu/maestria-comunicacion/wp-content/uploads/sites/4/2023/03/profesor-Ruben-Ramirez-programa-maestria-150x150.png 150w" sizes="(max-width: 196px) 100vw, 196px" /></figure>
</div>


<p class="has-text-align-center wp-block-paragraph"><strong>Dr. Rubén Ramírez Sánchez</strong></p>



<div class="wp-block-buttons is-content-justification-center is-layout-flex wp-container-core-buttons-is-layout-fe48e5de wp-block-buttons-is-layout-flex">
<div class="wp-block-button"><a class="wp-block-button__link has-primary-background-color has-background has-text-align-center wp-element-button" href="https://faci.uprrp.edu/maestria-comunicacion/ruben-ramirez-sanchez/" style="border-radius:3px"><strong>Conoce más</strong></a></div>
</div>
</div>
</div>
</div>
</div>

<p>Facultad graduada El Programa Graduado en Comunicación cuenta con un cuerpo docente con prestigiosas credenciales, extensa experiencia profesional y amplio conocimiento de software de investigación y creación Conoce a nuestra facultad Dra. Ramaris Albert Trinidad Dr. Israel Rodríguez Sánchez Dr. &hellip; </p>
