{"id":15871,"date":"2023-03-29T16:15:28","date_gmt":"2023-03-29T20:15:28","guid":{"rendered":"https:\/\/faci.uprrp.edu\/maestria-comunicacion\/?page_id=15871"},"modified":"2023-04-14T11:22:27","modified_gmt":"2023-04-14T15:22:27","slug":"israel-rodriguez-sanchez","status":"publish","type":"page","link":"https:\/\/faci.uprrp.edu\/maestria-comunicacion\/israel-rodriguez-sanchez\/","title":{"rendered":"Israel Rodr\u00edguez S\u00e1nchez"},"content":{"rendered":"\n<div class=\"wp-block-media-text alignwide has-media-on-the-right is-stacked-on-mobile ma-faculty-header\" style=\"grid-template-columns:auto 31%\"><div class=\"wp-block-media-text__content\">\n<p class=\"wp-block-paragraph\"><\/p>\n\n\n\n<h2 class=\"wp-block-heading\"><strong>Israel Rodr\u00edguez S\u00e1nchez<\/strong>, Ph.D.<\/h2>\n\n\n\n<h3 class=\"wp-block-heading\">Catedr\u00e1tico Auxiliar, Informaci\u00f3n y Periodismo<\/h3>\n\n\n\n<p class=\"wp-block-paragraph\"><strong>israel.rodriguez5@upr.edu<\/strong><\/p>\n<\/div><figure class=\"wp-block-media-text__media\"><img fetchpriority=\"high\" decoding=\"async\" width=\"508\" height=\"508\" src=\"https:\/\/faci.uprrp.edu\/maestria-comunicacion\/wp-content\/uploads\/sites\/4\/2023\/03\/profesor-Israel-Rodruiguez-programa-maestria.png\" alt=\"\" class=\"wp-image-15529 size-full\" srcset=\"https:\/\/faci.uprrp.edu\/maestria-comunicacion\/wp-content\/uploads\/sites\/4\/2023\/03\/profesor-Israel-Rodruiguez-programa-maestria.png 508w, https:\/\/faci.uprrp.edu\/maestria-comunicacion\/wp-content\/uploads\/sites\/4\/2023\/03\/profesor-Israel-Rodruiguez-programa-maestria-300x300.png 300w, https:\/\/faci.uprrp.edu\/maestria-comunicacion\/wp-content\/uploads\/sites\/4\/2023\/03\/profesor-Israel-Rodruiguez-programa-maestria-150x150.png 150w\" sizes=\"(max-width: 508px) 100vw, 508px\" \/><\/figure><\/div>\n\n\n\n<div class=\"wp-block-columns ma-faculty-page-block is-layout-flex wp-container-core-columns-is-layout-8f761849 wp-block-columns-is-layout-flex\">\n<div class=\"wp-block-column is-layout-flow wp-block-column-is-layout-flow\" style=\"flex-basis:80%\">\n<div style=\"height:40px\" aria-hidden=\"true\" class=\"wp-block-spacer\"><\/div>\n\n\n\n<div style=\"height:1em\" aria-hidden=\"true\" class=\"wp-block-spacer\"><\/div>\n\n\n\n<p class=\"wp-block-paragraph\" style=\"font-size:17px\">Periodista con 26 a\u00f1os de experiencia especializado en asuntos de gobierno, procesos legislativos y campa\u00f1as eleccionarias. Posee un doctorado en Periodismo de la Universidad Complutense de Madrid y una maestr\u00eda en Comunicaci\u00f3n P\u00fablica de la Universidad de Puerto Rico. Desde el 2005 hasta el 2021, combin\u00f3 la pr\u00e1ctica profesional del periodismo con la docencia en la Escuela de Comunicaci\u00f3n, ahora Facultad de Comunicaci\u00f3n e Informaci\u00f3n de la UPR, donde fue coordinador del programa subgraduado de Informaci\u00f3n y Periodismo. En el \u00e1mbito profesional, se desempe\u00f1\u00f3, durante m\u00e1s de dos d\u00e9cadas, como periodista y subeditor de noticias en el peri\u00f3dico <em>El Nuevo D\u00eda<\/em>. Adem\u00e1s, ha laborado en el Departamento de Noticias de Radio Universidad de Puerto Rico y en el Instituto de Formaci\u00f3n Period\u00edstica del Centro de Periodismo Investigativo. Es autor del libro <em>Esc\u00e1ndalo Pol\u00edtico y Periodismo en Puerto Rico<\/em>, publicado por Ediciones Hurac\u00e1n. Actualmente, preside la Asociaci\u00f3n Nacional de Periodistas Hispanos (NAHJ), Cap\u00edtulo de Puerto Rico. Sus \u00e1reas de investigaci\u00f3n incluyen periodismo de investigaci\u00f3n, periodismo pol\u00edtico, periodismo y diversidad, narrativas digitales y esfera p\u00fablica.&nbsp;&nbsp;<\/p>\n\n\n\n<div style=\"height:1em\" aria-hidden=\"true\" class=\"wp-block-spacer\"><\/div>\n\n\n\n<h2 class=\"wp-block-heading\"><strong>Publicaciones selectas<\/strong><\/h2>\n\n\n\n<ul class=\"wp-block-list\" style=\"font-size:17px\">\n<li><a href=\"https:\/\/analisi.cat\/article\/view\/v66-lugo-rodriguez\">Las alertas noticiosas como micronarrativas period\u00edsticas: lenguaje y pr\u00e1cticas profesionales (coautor con Lourdes Lugo-Ortiz)<\/a> (2022)<\/li>\n\n\n\n<li><a href=\"https:\/\/ojs.ehu.eus\/index.php\/Zer\/article\/view\/22293\">Del tin al clic: una radiograf\u00eda de las alertas noticiosas (coautor con Lourdes Lugo-Ortiz)<\/a> (2021)<\/li>\n\n\n\n<li><a href=\"https:\/\/www.alaic.org\/wp-content\/uploads\/2022\/03\/GT16.pdf\">Prensa, corrupcio\u0301n y esfera pu\u0301blica en Puerto Rico<\/a> (2016)<\/li>\n<\/ul>\n\n\n\n<div style=\"height:1em\" aria-hidden=\"true\" class=\"wp-block-spacer\"><\/div>\n\n\n\n<h2 class=\"wp-block-heading\">\u00c1reas docentes<\/h2>\n\n\n\n<ul class=\"wp-block-list\" style=\"font-size:17px\">\n<li>Periodismo pol\u00edtico y cobertura electoral<\/li>\n\n\n\n<li>Periodismo de investigaci\u00f3n<\/li>\n\n\n\n<li>Teor\u00eda de la comunicaci\u00f3n <\/li>\n<\/ul>\n\n\n\n<div style=\"height:16px\" aria-hidden=\"true\" class=\"wp-block-spacer\"><\/div>\n\n\n\n<div style=\"height:4em\" aria-hidden=\"true\" class=\"wp-block-spacer\"><\/div>\n<\/div>\n<\/div>\n","protected":false},"excerpt":{"rendered":"<p>Israel Rodr\u00edguez S\u00e1nchez, Ph.D. Catedr\u00e1tico Auxiliar, Informaci\u00f3n y Periodismo israel.rodriguez5@upr.edu Periodista con 26 a\u00f1os de experiencia especializado en asuntos de gobierno, procesos legislativos y campa\u00f1as eleccionarias. Posee un doctorado en Periodismo de la Universidad Complutense de Madrid y una maestr\u00eda &hellip; <\/p>\n","protected":false},"author":7,"featured_media":0,"parent":0,"menu_order":0,"comment_status":"closed","ping_status":"closed","template":"","meta":{"_crdt_document":"","footnotes":""},"class_list":["post-15871","page","type-page","status-publish","hentry"],"_links":{"self":[{"href":"https:\/\/faci.uprrp.edu\/maestria-comunicacion\/wp-json\/wp\/v2\/pages\/15871","targetHints":{"allow":["GET"]}}],"collection":[{"href":"https:\/\/faci.uprrp.edu\/maestria-comunicacion\/wp-json\/wp\/v2\/pages"}],"about":[{"href":"https:\/\/faci.uprrp.edu\/maestria-comunicacion\/wp-json\/wp\/v2\/types\/page"}],"author":[{"embeddable":true,"href":"https:\/\/faci.uprrp.edu\/maestria-comunicacion\/wp-json\/wp\/v2\/users\/7"}],"replies":[{"embeddable":true,"href":"https:\/\/faci.uprrp.edu\/maestria-comunicacion\/wp-json\/wp\/v2\/comments?post=15871"}],"version-history":[{"count":13,"href":"https:\/\/faci.uprrp.edu\/maestria-comunicacion\/wp-json\/wp\/v2\/pages\/15871\/revisions"}],"predecessor-version":[{"id":15994,"href":"https:\/\/faci.uprrp.edu\/maestria-comunicacion\/wp-json\/wp\/v2\/pages\/15871\/revisions\/15994"}],"wp:attachment":[{"href":"https:\/\/faci.uprrp.edu\/maestria-comunicacion\/wp-json\/wp\/v2\/media?parent=15871"}],"curies":[{"name":"wp","href":"https:\/\/api.w.org\/{rel}","templated":true}]}}

Israel Rodríguez Sánchez

<div class="wp-block-media-text alignwide has-media-on-the-right is-stacked-on-mobile ma-faculty-header" style="grid-template-columns:auto 31%"><div class="wp-block-media-text__content">
<p class="wp-block-paragraph"></p>



<h2 class="wp-block-heading"><strong>Israel Rodríguez Sánchez</strong>, Ph.D.</h2>



<h3 class="wp-block-heading">Catedrático Auxiliar, Información y Periodismo</h3>



<p class="wp-block-paragraph"><strong>israel.rodriguez5@upr.edu</strong></p>
</div><figure class="wp-block-media-text__media"><img fetchpriority="high" decoding="async" width="508" height="508" src="https://faci.uprrp.edu/maestria-comunicacion/wp-content/uploads/sites/4/2023/03/profesor-Israel-Rodruiguez-programa-maestria.png" alt="" class="wp-image-15529 size-full" srcset="https://faci.uprrp.edu/maestria-comunicacion/wp-content/uploads/sites/4/2023/03/profesor-Israel-Rodruiguez-programa-maestria.png 508w, https://faci.uprrp.edu/maestria-comunicacion/wp-content/uploads/sites/4/2023/03/profesor-Israel-Rodruiguez-programa-maestria-300x300.png 300w, https://faci.uprrp.edu/maestria-comunicacion/wp-content/uploads/sites/4/2023/03/profesor-Israel-Rodruiguez-programa-maestria-150x150.png 150w" sizes="(max-width: 508px) 100vw, 508px" /></figure></div>



<div class="wp-block-columns ma-faculty-page-block is-layout-flex wp-container-core-columns-is-layout-8f761849 wp-block-columns-is-layout-flex">
<div class="wp-block-column is-layout-flow wp-block-column-is-layout-flow" style="flex-basis:80%">
<div style="height:40px" aria-hidden="true" class="wp-block-spacer"></div>



<div style="height:1em" aria-hidden="true" class="wp-block-spacer"></div>



<p class="wp-block-paragraph" style="font-size:17px">Periodista con 26 años de experiencia especializado en asuntos de gobierno, procesos legislativos y campañas eleccionarias. Posee un doctorado en Periodismo de la Universidad Complutense de Madrid y una maestría en Comunicación Pública de la Universidad de Puerto Rico. Desde el 2005 hasta el 2021, combinó la práctica profesional del periodismo con la docencia en la Escuela de Comunicación, ahora Facultad de Comunicación e Información de la UPR, donde fue coordinador del programa subgraduado de Información y Periodismo. En el ámbito profesional, se desempeñó, durante más de dos décadas, como periodista y subeditor de noticias en el periódico <em>El Nuevo Día</em>. Además, ha laborado en el Departamento de Noticias de Radio Universidad de Puerto Rico y en el Instituto de Formación Periodística del Centro de Periodismo Investigativo. Es autor del libro <em>Escándalo Político y Periodismo en Puerto Rico</em>, publicado por Ediciones Huracán. Actualmente, preside la Asociación Nacional de Periodistas Hispanos (NAHJ), Capítulo de Puerto Rico. Sus áreas de investigación incluyen periodismo de investigación, periodismo político, periodismo y diversidad, narrativas digitales y esfera pública.&nbsp;&nbsp;</p>



<div style="height:1em" aria-hidden="true" class="wp-block-spacer"></div>



<h2 class="wp-block-heading"><strong>Publicaciones selectas</strong></h2>



<ul class="wp-block-list" style="font-size:17px">
<li><a href="https://analisi.cat/article/view/v66-lugo-rodriguez">Las alertas noticiosas como micronarrativas periodísticas: lenguaje y prácticas profesionales (coautor con Lourdes Lugo-Ortiz)</a> (2022)</li>



<li><a href="https://ojs.ehu.eus/index.php/Zer/article/view/22293">Del tin al clic: una radiografía de las alertas noticiosas (coautor con Lourdes Lugo-Ortiz)</a> (2021)</li>



<li><a href="https://www.alaic.org/wp-content/uploads/2022/03/GT16.pdf">Prensa, corrupción y esfera pública en Puerto Rico</a> (2016)</li>
</ul>



<div style="height:1em" aria-hidden="true" class="wp-block-spacer"></div>



<h2 class="wp-block-heading">Áreas docentes</h2>



<ul class="wp-block-list" style="font-size:17px">
<li>Periodismo político y cobertura electoral</li>



<li>Periodismo de investigación</li>



<li>Teoría de la comunicación </li>
</ul>



<div style="height:16px" aria-hidden="true" class="wp-block-spacer"></div>



<div style="height:4em" aria-hidden="true" class="wp-block-spacer"></div>
</div>
</div>

<p>Israel Rodríguez Sánchez, Ph.D. Catedrático Auxiliar, Información y Periodismo israel.rodriguez5@upr.edu Periodista con 26 años de experiencia especializado en asuntos de gobierno, procesos legislativos y campañas eleccionarias. Posee un doctorado en Periodismo de la Universidad Complutense de Madrid y una maestría &hellip; </p>
