{"id":15822,"date":"2023-03-27T16:20:46","date_gmt":"2023-03-27T20:20:46","guid":{"rendered":"https:\/\/faci.uprrp.edu\/maestria-comunicacion\/?page_id=15822"},"modified":"2023-04-14T11:54:17","modified_gmt":"2023-04-14T15:54:17","slug":"ramaris-albert-trinidad","status":"publish","type":"page","link":"https:\/\/faci.uprrp.edu\/maestria-comunicacion\/ramaris-albert-trinidad\/","title":{"rendered":"Ramaris Albert Trinidad"},"content":{"rendered":"\n<div class=\"wp-block-media-text alignwide has-media-on-the-right is-stacked-on-mobile ma-faculty-header\" style=\"grid-template-columns:auto 31%\"><div class=\"wp-block-media-text__content\">\n<p class=\"wp-block-paragraph\"><\/p>\n\n\n\n<h2 class=\"wp-block-heading\">Ramaris Albert Trinidad, Ph.D.<\/h2>\n\n\n\n<h3 class=\"wp-block-heading\">Catedr\u00e1tica Auxiliar, Informaci\u00f3n y Periodismo<\/h3>\n\n\n\n<p class=\"wp-block-paragraph\"><strong>ramaris.albert@upr.edu<\/strong><\/p>\n<\/div><figure class=\"wp-block-media-text__media\"><img fetchpriority=\"high\" decoding=\"async\" width=\"508\" height=\"508\" src=\"https:\/\/faci.uprrp.edu\/maestria-comunicacion\/wp-content\/uploads\/sites\/4\/2023\/03\/profesora-Ramaris-Albert-programa-maestria.png\" alt=\"\" class=\"wp-image-15528 size-full\" srcset=\"https:\/\/faci.uprrp.edu\/maestria-comunicacion\/wp-content\/uploads\/sites\/4\/2023\/03\/profesora-Ramaris-Albert-programa-maestria.png 508w, https:\/\/faci.uprrp.edu\/maestria-comunicacion\/wp-content\/uploads\/sites\/4\/2023\/03\/profesora-Ramaris-Albert-programa-maestria-300x300.png 300w, https:\/\/faci.uprrp.edu\/maestria-comunicacion\/wp-content\/uploads\/sites\/4\/2023\/03\/profesora-Ramaris-Albert-programa-maestria-150x150.png 150w\" sizes=\"(max-width: 508px) 100vw, 508px\" \/><\/figure><\/div>\n\n\n\n<div class=\"wp-block-columns ma-faculty-page-block is-layout-flex wp-container-core-columns-is-layout-8f761849 wp-block-columns-is-layout-flex\">\n<div class=\"wp-block-column is-layout-flow wp-block-column-is-layout-flow\" style=\"flex-basis:80%\">\n<div style=\"height:4em\" aria-hidden=\"true\" class=\"wp-block-spacer\"><\/div>\n\n\n\n<div style=\"height:1px\" aria-hidden=\"true\" class=\"wp-block-spacer\"><\/div>\n\n\n\n<p class=\"wp-block-paragraph\" style=\"font-size:17px\">Creadora y profesora de los cursos especializados en periodismo de datos, producci\u00f3n de gr\u00e1ficos y visualizaciones digitales, periodismo emprendedor, periodismo pol\u00edtico y periodismo de investigaci\u00f3n digital de los Programas Subgraduado y Graduado. Doctora en Tecnolog\u00edas, Estructuras y Tratamiento de la Informaci\u00f3n por la Universidad Complutense de Madrid. Posee dos maestr\u00edas, en Periodismo y Comunicaci\u00f3n Social, por la Universidad de Navarra y la Universidad Complutense de Madrid, respectivamente.&nbsp;Sus investigaciones y publicaciones abordan el periodismo de datos y las visualizaciones como estrategias de innovaci\u00f3n en los medios digitales, la educaci\u00f3n universitaria especializada en periodismo, el desarrollo del periodismo de bases de datos en el Caribe hispano y el uso de plataformas digitales en las protestas ciudadanas.<\/p>\n\n\n\n<p class=\"wp-block-paragraph\" style=\"font-size:17px\">Ha combinado su labor acad\u00e9mica con su profesi\u00f3n como periodista durante 18 a\u00f1os. Labor\u00f3 como reportera y editora del Departamento de Noticias de Univision Radio, la agencia de noticias Associated Press (AP), el peri\u00f3dico <em>El Nuevo D\u00eda<\/em> en Puerto Rico, el Laboratorio de Innovaci\u00f3n Period\u00edstica y la redacci\u00f3n web del <em>Diario de Navarra<\/em> en Pamplona, Espa\u00f1a. Actualmente, colabora con el Centro de Periodismo Investigativo.<\/p>\n\n\n\n<div style=\"height:1em\" aria-hidden=\"true\" class=\"wp-block-spacer\"><\/div>\n\n\n\n<div style=\"height:1em\" aria-hidden=\"true\" class=\"wp-block-spacer\"><\/div>\n\n\n\n<h2 class=\"wp-block-heading\"><strong>Publicaciones selectas<\/strong><\/h2>\n\n\n\n<ul class=\"wp-block-list\" style=\"font-size:17px\">\n<li><a href=\"https:\/\/nam02.safelinks.protection.outlook.com\/?url=https%3A%2F%2Fdialnet.unirioja.es%2Fservlet%2Farticulo%3Fcodigo%3D8709111&amp;data=05%7C01%7Cruben.ramirez1%40upr.edu%7C4687fc12187c4b21f40808db15d79399%7C0dfa5dc0036f461599e494af822f2b84%7C0%7C0%7C638127787861277334%7CUnknown%7CTWFpbGZsb3d8eyJWIjoiMC4wLjAwMDAiLCJQIjoiV2luMzIiLCJBTiI6Ik1haWwiLCJXVCI6Mn0%3D%7C3000%7C%7C%7C&amp;sdata=5Lu4X%2BA02Vw5ihmucksXYLj5jZ1Hu4uFV233eB0IMqE%3D&amp;reserved=0\" target=\"_blank\" rel=\"noreferrer noopener\">Evaluaci\u00f3n de los universitarios sobre su formaci\u00f3n especializada en Periodismo<\/a>&nbsp;(2022)<\/li>\n\n\n\n<li><a href=\"https:\/\/nam02.safelinks.protection.outlook.com\/?url=https%3A%2F%2Fanalisi.cat%2Farticle%2Fview%2Fextra2020-albert&amp;data=05%7C01%7Cruben.ramirez1%40upr.edu%7C4687fc12187c4b21f40808db15d79399%7C0dfa5dc0036f461599e494af822f2b84%7C0%7C0%7C638127787861277334%7CUnknown%7CTWFpbGZsb3d8eyJWIjoiMC4wLjAwMDAiLCJQIjoiV2luMzIiLCJBTiI6Ik1haWwiLCJXVCI6Mn0%3D%7C3000%7C%7C%7C&amp;sdata=DBxKq0YxZai7Hm52souFU4GnO9XzDBcI0QGdh6PDvvs%3D&amp;reserved=0\" target=\"_blank\" rel=\"noreferrer noopener\">Data Journalism in the Spanish Caribbean Digital Media<\/a>&nbsp;(2020)<\/li>\n\n\n\n<li><a href=\"https:\/\/nam02.safelinks.protection.outlook.com\/?url=https%3A%2F%2Fissuu.com%2Fcoleccionpuertorriquena%2Fdocs%2Fintersecciones_edicion_maria&amp;data=05%7C01%7Cruben.ramirez1%40upr.edu%7C4687fc12187c4b21f40808db15d79399%7C0dfa5dc0036f461599e494af822f2b84%7C0%7C0%7C638127787861277334%7CUnknown%7CTWFpbGZsb3d8eyJWIjoiMC4wLjAwMDAiLCJQIjoiV2luMzIiLCJBTiI6Ik1haWwiLCJXVCI6Mn0%3D%7C3000%7C%7C%7C&amp;sdata=hUWFnI8CkZNmDkBwjVlfmw3MdNGe2OauPNFC1WzVEdI%3D&amp;reserved=0\" target=\"_blank\" rel=\"noreferrer noopener\">Mar\u00eda: Recorrido del ojo de la devastaci\u00f3n<\/a>&nbsp;(2018)<\/li>\n\n\n\n<li><a rel=\"noreferrer noopener\" href=\"https:\/\/nam02.safelinks.protection.outlook.com\/?url=https%3A%2F%2Fwww.researchgate.net%2Fprofile%2FFrancisco-Pesante-Gonzalez%2Fpublication%2F325229122_Periodismo_de_datos_y_la_apertura_de_datos_gubernamentales_Consideraciones_para_una_agenda_de_trabajo%2Flinks%2F5aff172e0f7e9be94bd7c97d%2FPeriodismo-de-datos-y-la-apertura-de-datos-gubernamentales-Consideraciones-para-una-agenda-de-trabajo.pdf%23page%3D104&amp;data=05%7C01%7Cruben.ramirez1%40upr.edu%7C4687fc12187c4b21f40808db15d79399%7C0dfa5dc0036f461599e494af822f2b84%7C0%7C0%7C638127787861277334%7CUnknown%7CTWFpbGZsb3d8eyJWIjoiMC4wLjAwMDAiLCJQIjoiV2luMzIiLCJBTiI6Ik1haWwiLCJXVCI6Mn0%3D%7C3000%7C%7C%7C&amp;sdata=g5mxP9mJc0mq3z7XIokYeBzRzF9XqM1sdlnX7W5tjC4%3D&amp;reserved=0\" target=\"_blank\">La comunidad virtual en el blog period\u00edstico: una aproximaci\u00f3n al formato de The Huffington Post y a sus niveles de interacci\u00f3n con el usuario<\/a>&nbsp;(2018)<\/li>\n\n\n\n<li><a href=\"https:\/\/nam02.safelinks.protection.outlook.com\/?url=https%3A%2F%2Fwww.academia.edu%2F47761080%2FLa_aportaci%25C3%25B3n_de_los_equipos_multidisciplinares_en_empresas_Un_acercamiento_a_la_innovaci%25C3%25B3n_desde_el_periodismo_y_la_sociolog%25C3%25ADa&amp;data=05%7C01%7Cruben.ramirez1%40upr.edu%7C4687fc12187c4b21f40808db15d79399%7C0dfa5dc0036f461599e494af822f2b84%7C0%7C0%7C638127787861277334%7CUnknown%7CTWFpbGZsb3d8eyJWIjoiMC4wLjAwMDAiLCJQIjoiV2luMzIiLCJBTiI6Ik1haWwiLCJXVCI6Mn0%3D%7C3000%7C%7C%7C&amp;sdata=Arte38cO5uvPp12zj%2BCX14FmmhAPE2i7NJCJoJAiX8k%3D&amp;reserved=0\" target=\"_blank\" rel=\"noreferrer noopener\">La aportaci\u00f3n de los equipos multidisciplinares en empresas: un acercamiento a la innovaci\u00f3n desde el periodismo y la sociolog\u00eda<\/a>&nbsp;(2018)<\/li>\n\n\n\n<li><a href=\"https:\/\/nam02.safelinks.protection.outlook.com\/?url=http%3A%2F%2Fwww.teccomstudies.com%2Findex.php%3Fjournal%3Dteccomstudies%26page%3Darticle%26op%3Dview%26path%255B%255D%3D40&amp;data=05%7C01%7Cruben.ramirez1%40upr.edu%7C4687fc12187c4b21f40808db15d79399%7C0dfa5dc0036f461599e494af822f2b84%7C0%7C0%7C638127787861277334%7CUnknown%7CTWFpbGZsb3d8eyJWIjoiMC4wLjAwMDAiLCJQIjoiV2luMzIiLCJBTiI6Ik1haWwiLCJXVCI6Mn0%3D%7C3000%7C%7C%7C&amp;sdata=92Yx3hPcUicDypkeUi78%2Bp%2BYaPNmX%2FdV%2FdHR%2FfyVczE%3D&amp;reserved=0\" target=\"_blank\" rel=\"noreferrer noopener\">El periodismo de datos como estrategia de innovaci\u00f3n en la producci\u00f3n de contenidos digitales<\/a>&nbsp;(2017)<\/li>\n\n\n\n<li><a rel=\"noreferrer noopener\" href=\"https:\/\/nam02.safelinks.protection.outlook.com\/?url=https%3A%2F%2Feprints.ucm.es%2Fid%2Feprint%2F42218%2F&amp;data=05%7C01%7Cruben.ramirez1%40upr.edu%7C4687fc12187c4b21f40808db15d79399%7C0dfa5dc0036f461599e494af822f2b84%7C0%7C0%7C638127787861277334%7CUnknown%7CTWFpbGZsb3d8eyJWIjoiMC4wLjAwMDAiLCJQIjoiV2luMzIiLCJBTiI6Ik1haWwiLCJXVCI6Mn0%3D%7C3000%7C%7C%7C&amp;sdata=dX7C63aFj22lqILBaEehe2XZP14gW9czjaBIZ53liVE%3D&amp;reserved=0\" target=\"_blank\">An\u00e1lisis de las tendencias del ciberperiodismo: la evoluci\u00f3n de The Huffington Post, su modelo discursivo y sus procesos de interacci\u00f3n con el usuario<\/a>&nbsp;(2015)<\/li>\n<\/ul>\n\n\n\n<div style=\"height:1em\" aria-hidden=\"true\" class=\"wp-block-spacer\"><\/div>\n\n\n\n<h2 class=\"wp-block-heading\">\u00c1reas docentes<\/h2>\n\n\n\n<ul class=\"wp-block-list\" style=\"font-size:17px\">\n<li>Periodismo de datos<\/li>\n\n\n\n<li>Visualizaci\u00f3n de la informaci\u00f3n <\/li>\n\n\n\n<li>Periodismo emprendedor <\/li>\n<\/ul>\n\n\n\n<div style=\"height:16px\" aria-hidden=\"true\" class=\"wp-block-spacer\"><\/div>\n\n\n\n<div style=\"height:4em\" aria-hidden=\"true\" class=\"wp-block-spacer\"><\/div>\n<\/div>\n<\/div>\n","protected":false},"excerpt":{"rendered":"<p>Ramaris Albert Trinidad, Ph.D. Catedr\u00e1tica Auxiliar, Informaci\u00f3n y Periodismo ramaris.albert@upr.edu Creadora y profesora de los cursos especializados en periodismo de datos, producci\u00f3n de gr\u00e1ficos y visualizaciones digitales, periodismo emprendedor, periodismo pol\u00edtico y periodismo de investigaci\u00f3n digital de los Programas Subgraduado &hellip; <\/p>\n","protected":false},"author":7,"featured_media":0,"parent":0,"menu_order":0,"comment_status":"closed","ping_status":"closed","template":"","meta":{"_crdt_document":"","footnotes":""},"class_list":["post-15822","page","type-page","status-publish","hentry"],"_links":{"self":[{"href":"https:\/\/faci.uprrp.edu\/maestria-comunicacion\/wp-json\/wp\/v2\/pages\/15822","targetHints":{"allow":["GET"]}}],"collection":[{"href":"https:\/\/faci.uprrp.edu\/maestria-comunicacion\/wp-json\/wp\/v2\/pages"}],"about":[{"href":"https:\/\/faci.uprrp.edu\/maestria-comunicacion\/wp-json\/wp\/v2\/types\/page"}],"author":[{"embeddable":true,"href":"https:\/\/faci.uprrp.edu\/maestria-comunicacion\/wp-json\/wp\/v2\/users\/7"}],"replies":[{"embeddable":true,"href":"https:\/\/faci.uprrp.edu\/maestria-comunicacion\/wp-json\/wp\/v2\/comments?post=15822"}],"version-history":[{"count":23,"href":"https:\/\/faci.uprrp.edu\/maestria-comunicacion\/wp-json\/wp\/v2\/pages\/15822\/revisions"}],"predecessor-version":[{"id":16001,"href":"https:\/\/faci.uprrp.edu\/maestria-comunicacion\/wp-json\/wp\/v2\/pages\/15822\/revisions\/16001"}],"wp:attachment":[{"href":"https:\/\/faci.uprrp.edu\/maestria-comunicacion\/wp-json\/wp\/v2\/media?parent=15822"}],"curies":[{"name":"wp","href":"https:\/\/api.w.org\/{rel}","templated":true}]}}

<div class="wp-block-media-text alignwide has-media-on-the-right is-stacked-on-mobile ma-faculty-header" style="grid-template-columns:auto 31%"><div class="wp-block-media-text__content">
<p class="wp-block-paragraph"></p>



<h2 class="wp-block-heading">Ramaris Albert Trinidad, Ph.D.</h2>



<h3 class="wp-block-heading">Catedrática Auxiliar, Información y Periodismo</h3>



<p class="wp-block-paragraph"><strong>ramaris.albert@upr.edu</strong></p>
</div><figure class="wp-block-media-text__media"><img fetchpriority="high" decoding="async" width="508" height="508" src="https://faci.uprrp.edu/maestria-comunicacion/wp-content/uploads/sites/4/2023/03/profesora-Ramaris-Albert-programa-maestria.png" alt="" class="wp-image-15528 size-full" srcset="https://faci.uprrp.edu/maestria-comunicacion/wp-content/uploads/sites/4/2023/03/profesora-Ramaris-Albert-programa-maestria.png 508w, https://faci.uprrp.edu/maestria-comunicacion/wp-content/uploads/sites/4/2023/03/profesora-Ramaris-Albert-programa-maestria-300x300.png 300w, https://faci.uprrp.edu/maestria-comunicacion/wp-content/uploads/sites/4/2023/03/profesora-Ramaris-Albert-programa-maestria-150x150.png 150w" sizes="(max-width: 508px) 100vw, 508px" /></figure></div>



<div class="wp-block-columns ma-faculty-page-block is-layout-flex wp-container-core-columns-is-layout-8f761849 wp-block-columns-is-layout-flex">
<div class="wp-block-column is-layout-flow wp-block-column-is-layout-flow" style="flex-basis:80%">
<div style="height:4em" aria-hidden="true" class="wp-block-spacer"></div>



<div style="height:1px" aria-hidden="true" class="wp-block-spacer"></div>



<p class="wp-block-paragraph" style="font-size:17px">Creadora y profesora de los cursos especializados en periodismo de datos, producción de gráficos y visualizaciones digitales, periodismo emprendedor, periodismo político y periodismo de investigación digital de los Programas Subgraduado y Graduado. Doctora en Tecnologías, Estructuras y Tratamiento de la Información por la Universidad Complutense de Madrid. Posee dos maestrías, en Periodismo y Comunicación Social, por la Universidad de Navarra y la Universidad Complutense de Madrid, respectivamente.&nbsp;Sus investigaciones y publicaciones abordan el periodismo de datos y las visualizaciones como estrategias de innovación en los medios digitales, la educación universitaria especializada en periodismo, el desarrollo del periodismo de bases de datos en el Caribe hispano y el uso de plataformas digitales en las protestas ciudadanas.</p>



<p class="wp-block-paragraph" style="font-size:17px">Ha combinado su labor académica con su profesión como periodista durante 18 años. Laboró como reportera y editora del Departamento de Noticias de Univision Radio, la agencia de noticias Associated Press (AP), el periódico <em>El Nuevo Día</em> en Puerto Rico, el Laboratorio de Innovación Periodística y la redacción web del <em>Diario de Navarra</em> en Pamplona, España. Actualmente, colabora con el Centro de Periodismo Investigativo.</p>



<div style="height:1em" aria-hidden="true" class="wp-block-spacer"></div>



<div style="height:1em" aria-hidden="true" class="wp-block-spacer"></div>



<h2 class="wp-block-heading"><strong>Publicaciones selectas</strong></h2>



<ul class="wp-block-list" style="font-size:17px">
<li><a href="https://nam02.safelinks.protection.outlook.com/?url=https%3A%2F%2Fdialnet.unirioja.es%2Fservlet%2Farticulo%3Fcodigo%3D8709111&amp;data=05%7C01%7Cruben.ramirez1%40upr.edu%7C4687fc12187c4b21f40808db15d79399%7C0dfa5dc0036f461599e494af822f2b84%7C0%7C0%7C638127787861277334%7CUnknown%7CTWFpbGZsb3d8eyJWIjoiMC4wLjAwMDAiLCJQIjoiV2luMzIiLCJBTiI6Ik1haWwiLCJXVCI6Mn0%3D%7C3000%7C%7C%7C&amp;sdata=5Lu4X%2BA02Vw5ihmucksXYLj5jZ1Hu4uFV233eB0IMqE%3D&amp;reserved=0" target="_blank" rel="noreferrer noopener">Evaluación de los universitarios sobre su formación especializada en Periodismo</a>&nbsp;(2022)</li>



<li><a href="https://nam02.safelinks.protection.outlook.com/?url=https%3A%2F%2Fanalisi.cat%2Farticle%2Fview%2Fextra2020-albert&amp;data=05%7C01%7Cruben.ramirez1%40upr.edu%7C4687fc12187c4b21f40808db15d79399%7C0dfa5dc0036f461599e494af822f2b84%7C0%7C0%7C638127787861277334%7CUnknown%7CTWFpbGZsb3d8eyJWIjoiMC4wLjAwMDAiLCJQIjoiV2luMzIiLCJBTiI6Ik1haWwiLCJXVCI6Mn0%3D%7C3000%7C%7C%7C&amp;sdata=DBxKq0YxZai7Hm52souFU4GnO9XzDBcI0QGdh6PDvvs%3D&amp;reserved=0" target="_blank" rel="noreferrer noopener">Data Journalism in the Spanish Caribbean Digital Media</a>&nbsp;(2020)</li>



<li><a href="https://nam02.safelinks.protection.outlook.com/?url=https%3A%2F%2Fissuu.com%2Fcoleccionpuertorriquena%2Fdocs%2Fintersecciones_edicion_maria&amp;data=05%7C01%7Cruben.ramirez1%40upr.edu%7C4687fc12187c4b21f40808db15d79399%7C0dfa5dc0036f461599e494af822f2b84%7C0%7C0%7C638127787861277334%7CUnknown%7CTWFpbGZsb3d8eyJWIjoiMC4wLjAwMDAiLCJQIjoiV2luMzIiLCJBTiI6Ik1haWwiLCJXVCI6Mn0%3D%7C3000%7C%7C%7C&amp;sdata=hUWFnI8CkZNmDkBwjVlfmw3MdNGe2OauPNFC1WzVEdI%3D&amp;reserved=0" target="_blank" rel="noreferrer noopener">María: Recorrido del ojo de la devastación</a>&nbsp;(2018)</li>



<li><a rel="noreferrer noopener" href="https://nam02.safelinks.protection.outlook.com/?url=https%3A%2F%2Fwww.researchgate.net%2Fprofile%2FFrancisco-Pesante-Gonzalez%2Fpublication%2F325229122_Periodismo_de_datos_y_la_apertura_de_datos_gubernamentales_Consideraciones_para_una_agenda_de_trabajo%2Flinks%2F5aff172e0f7e9be94bd7c97d%2FPeriodismo-de-datos-y-la-apertura-de-datos-gubernamentales-Consideraciones-para-una-agenda-de-trabajo.pdf%23page%3D104&amp;data=05%7C01%7Cruben.ramirez1%40upr.edu%7C4687fc12187c4b21f40808db15d79399%7C0dfa5dc0036f461599e494af822f2b84%7C0%7C0%7C638127787861277334%7CUnknown%7CTWFpbGZsb3d8eyJWIjoiMC4wLjAwMDAiLCJQIjoiV2luMzIiLCJBTiI6Ik1haWwiLCJXVCI6Mn0%3D%7C3000%7C%7C%7C&amp;sdata=g5mxP9mJc0mq3z7XIokYeBzRzF9XqM1sdlnX7W5tjC4%3D&amp;reserved=0" target="_blank">La comunidad virtual en el blog periodístico: una aproximación al formato de The Huffington Post y a sus niveles de interacción con el usuario</a>&nbsp;(2018)</li>



<li><a href="https://nam02.safelinks.protection.outlook.com/?url=https%3A%2F%2Fwww.academia.edu%2F47761080%2FLa_aportaci%25C3%25B3n_de_los_equipos_multidisciplinares_en_empresas_Un_acercamiento_a_la_innovaci%25C3%25B3n_desde_el_periodismo_y_la_sociolog%25C3%25ADa&amp;data=05%7C01%7Cruben.ramirez1%40upr.edu%7C4687fc12187c4b21f40808db15d79399%7C0dfa5dc0036f461599e494af822f2b84%7C0%7C0%7C638127787861277334%7CUnknown%7CTWFpbGZsb3d8eyJWIjoiMC4wLjAwMDAiLCJQIjoiV2luMzIiLCJBTiI6Ik1haWwiLCJXVCI6Mn0%3D%7C3000%7C%7C%7C&amp;sdata=Arte38cO5uvPp12zj%2BCX14FmmhAPE2i7NJCJoJAiX8k%3D&amp;reserved=0" target="_blank" rel="noreferrer noopener">La aportación de los equipos multidisciplinares en empresas: un acercamiento a la innovación desde el periodismo y la sociología</a>&nbsp;(2018)</li>



<li><a href="https://nam02.safelinks.protection.outlook.com/?url=http%3A%2F%2Fwww.teccomstudies.com%2Findex.php%3Fjournal%3Dteccomstudies%26page%3Darticle%26op%3Dview%26path%255B%255D%3D40&amp;data=05%7C01%7Cruben.ramirez1%40upr.edu%7C4687fc12187c4b21f40808db15d79399%7C0dfa5dc0036f461599e494af822f2b84%7C0%7C0%7C638127787861277334%7CUnknown%7CTWFpbGZsb3d8eyJWIjoiMC4wLjAwMDAiLCJQIjoiV2luMzIiLCJBTiI6Ik1haWwiLCJXVCI6Mn0%3D%7C3000%7C%7C%7C&amp;sdata=92Yx3hPcUicDypkeUi78%2Bp%2BYaPNmX%2FdV%2FdHR%2FfyVczE%3D&amp;reserved=0" target="_blank" rel="noreferrer noopener">El periodismo de datos como estrategia de innovación en la producción de contenidos digitales</a>&nbsp;(2017)</li>



<li><a rel="noreferrer noopener" href="https://nam02.safelinks.protection.outlook.com/?url=https%3A%2F%2Feprints.ucm.es%2Fid%2Feprint%2F42218%2F&amp;data=05%7C01%7Cruben.ramirez1%40upr.edu%7C4687fc12187c4b21f40808db15d79399%7C0dfa5dc0036f461599e494af822f2b84%7C0%7C0%7C638127787861277334%7CUnknown%7CTWFpbGZsb3d8eyJWIjoiMC4wLjAwMDAiLCJQIjoiV2luMzIiLCJBTiI6Ik1haWwiLCJXVCI6Mn0%3D%7C3000%7C%7C%7C&amp;sdata=dX7C63aFj22lqILBaEehe2XZP14gW9czjaBIZ53liVE%3D&amp;reserved=0" target="_blank">Análisis de las tendencias del ciberperiodismo: la evolución de The Huffington Post, su modelo discursivo y sus procesos de interacción con el usuario</a>&nbsp;(2015)</li>
</ul>



<div style="height:1em" aria-hidden="true" class="wp-block-spacer"></div>



<h2 class="wp-block-heading">Áreas docentes</h2>



<ul class="wp-block-list" style="font-size:17px">
<li>Periodismo de datos</li>



<li>Visualización de la información </li>



<li>Periodismo emprendedor </li>
</ul>



<div style="height:16px" aria-hidden="true" class="wp-block-spacer"></div>



<div style="height:4em" aria-hidden="true" class="wp-block-spacer"></div>
</div>
</div>

<p>Ramaris Albert Trinidad, Ph.D. Catedrática Auxiliar, Información y Periodismo ramaris.albert@upr.edu Creadora y profesora de los cursos especializados en periodismo de datos, producción de gráficos y visualizaciones digitales, periodismo emprendedor, periodismo político y periodismo de investigación digital de los Programas Subgraduado &hellip; </p>
