{"id":90,"date":"2021-02-14T17:17:08","date_gmt":"2021-02-14T17:17:08","guid":{"rendered":"http:\/\/egcti.uprrp.edu\/infoempowerment\/?page_id=90"},"modified":"2022-05-31T13:12:30","modified_gmt":"2022-05-31T17:12:30","slug":"proyectos","status":"publish","type":"page","link":"https:\/\/faci.uprrp.edu\/infoempowerment\/proyectos\/","title":{"rendered":"Projecto"},"content":{"rendered":"\t\t<div data-elementor-type=\"wp-page\" data-elementor-id=\"90\" class=\"elementor elementor-90\">\n\t\t\t\t\t\t<section class=\"elementor-section elementor-top-section elementor-element elementor-element-7b94c9bf elementor-section-full_width elementor-section-stretched elementor-section-height-min-height elementor-section-height-default elementor-section-items-middle\" data-id=\"7b94c9bf\" data-element_type=\"section\" data-e-type=\"section\" data-settings=\"{&quot;background_background&quot;:&quot;classic&quot;,&quot;stretch_section&quot;:&quot;section-stretched&quot;}\">\n\t\t\t\t\t\t\t<div class=\"elementor-background-overlay\"><\/div>\n\t\t\t\t\t\t\t<div class=\"elementor-container elementor-column-gap-default\">\n\t\t\t\t\t<div class=\"elementor-column elementor-col-100 elementor-top-column elementor-element elementor-element-a3ecf3c\" data-id=\"a3ecf3c\" data-element_type=\"column\" data-e-type=\"column\" data-settings=\"{&quot;background_background&quot;:&quot;classic&quot;}\">\n\t\t\t<div class=\"elementor-widget-wrap elementor-element-populated\">\n\t\t\t\t\t\t<section class=\"elementor-section elementor-inner-section elementor-element elementor-element-d6ccfa9 elementor-section-boxed elementor-section-height-default elementor-section-height-default\" data-id=\"d6ccfa9\" data-element_type=\"section\" data-e-type=\"section\">\n\t\t\t\t\t\t<div class=\"elementor-container elementor-column-gap-default\">\n\t\t\t\t\t<div class=\"elementor-column elementor-col-50 elementor-inner-column elementor-element elementor-element-1f30ddf\" data-id=\"1f30ddf\" data-element_type=\"column\" data-e-type=\"column\">\n\t\t\t<div class=\"elementor-widget-wrap elementor-element-populated\">\n\t\t\t\t\t\t<div class=\"elementor-element elementor-element-95fed77 elementor-widget elementor-widget-image\" data-id=\"95fed77\" data-element_type=\"widget\" data-e-type=\"widget\" data-widget_type=\"image.default\">\n\t\t\t\t<div class=\"elementor-widget-container\">\n\t\t\t\t\t\t\t\t\t\t\t\t\t\t\t<img decoding=\"async\" width=\"150\" height=\"150\" src=\"https:\/\/faci.uprrp.edu\/infoempowerment\/wp-content\/uploads\/sites\/3\/2021\/02\/cropped-logoIMLS-solo-e1613325447197-150x150.png\" class=\"attachment-thumbnail size-thumbnail wp-image-99\" alt=\"\" srcset=\"https:\/\/faci.uprrp.edu\/infoempowerment\/wp-content\/uploads\/sites\/3\/2021\/02\/cropped-logoIMLS-solo-e1613325447197-150x150.png 150w, https:\/\/faci.uprrp.edu\/infoempowerment\/wp-content\/uploads\/sites\/3\/2021\/02\/cropped-logoIMLS-solo-e1613325447197-300x300.png 300w, https:\/\/faci.uprrp.edu\/infoempowerment\/wp-content\/uploads\/sites\/3\/2021\/02\/cropped-logoIMLS-solo-e1613325447197-32x32.png 32w, https:\/\/faci.uprrp.edu\/infoempowerment\/wp-content\/uploads\/sites\/3\/2021\/02\/cropped-logoIMLS-solo-e1613325447197-192x192.png 192w, https:\/\/faci.uprrp.edu\/infoempowerment\/wp-content\/uploads\/sites\/3\/2021\/02\/cropped-logoIMLS-solo-e1613325447197-180x180.png 180w, https:\/\/faci.uprrp.edu\/infoempowerment\/wp-content\/uploads\/sites\/3\/2021\/02\/cropped-logoIMLS-solo-e1613325447197-270x270.png 270w, https:\/\/faci.uprrp.edu\/infoempowerment\/wp-content\/uploads\/sites\/3\/2021\/02\/cropped-logoIMLS-solo-e1613325447197-16x16.png 16w, https:\/\/faci.uprrp.edu\/infoempowerment\/wp-content\/uploads\/sites\/3\/2021\/02\/cropped-logoIMLS-solo-e1613325447197.png 512w\" sizes=\"(max-width: 150px) 100vw, 150px\" \/>\t\t\t\t\t\t\t\t\t\t\t\t\t\t\t<\/div>\n\t\t\t\t<\/div>\n\t\t\t\t\t<\/div>\n\t\t<\/div>\n\t\t\t\t<div class=\"elementor-column elementor-col-50 elementor-inner-column elementor-element elementor-element-31f45cc\" data-id=\"31f45cc\" data-element_type=\"column\" data-e-type=\"column\">\n\t\t\t<div class=\"elementor-widget-wrap elementor-element-populated\">\n\t\t\t\t\t\t<div class=\"elementor-element elementor-element-d834f0a elementor-widget elementor-widget-heading\" data-id=\"d834f0a\" data-element_type=\"widget\" data-e-type=\"widget\" data-widget_type=\"heading.default\">\n\t\t\t\t<div class=\"elementor-widget-container\">\n\t\t\t\t\t<h2 class=\"elementor-heading-title elementor-size-default\">INFORMATION<br>EMPOWERMENT<\/h2>\t\t\t\t<\/div>\n\t\t\t\t<\/div>\n\t\t\t\t\t<\/div>\n\t\t<\/div>\n\t\t\t\t\t<\/div>\n\t\t<\/section>\n\t\t\t\t\t<\/div>\n\t\t<\/div>\n\t\t\t\t\t<\/div>\n\t\t<\/section>\n\t\t\t\t<section class=\"elementor-section elementor-top-section elementor-element elementor-element-58fdc4a elementor-section-full_width elementor-section-stretched elementor-section-height-default elementor-section-height-default\" data-id=\"58fdc4a\" data-element_type=\"section\" data-e-type=\"section\" data-settings=\"{&quot;background_background&quot;:&quot;classic&quot;,&quot;stretch_section&quot;:&quot;section-stretched&quot;}\">\n\t\t\t\t\t\t\t<div class=\"elementor-background-overlay\"><\/div>\n\t\t\t\t\t\t\t<div class=\"elementor-container elementor-column-gap-default\">\n\t\t\t\t\t<div class=\"elementor-column elementor-col-100 elementor-top-column elementor-element elementor-element-37d2ff1\" data-id=\"37d2ff1\" data-element_type=\"column\" data-e-type=\"column\">\n\t\t\t<div class=\"elementor-widget-wrap elementor-element-populated\">\n\t\t\t\t\t\t<div class=\"elementor-element elementor-element-ec7eea3 elementor-widget elementor-widget-heading\" data-id=\"ec7eea3\" data-element_type=\"widget\" data-e-type=\"widget\" data-widget_type=\"heading.default\">\n\t\t\t\t<div class=\"elementor-widget-container\">\n\t\t\t\t\t<h2 class=\"elementor-heading-title elementor-size-default\">Dise\u00f1o de proyecto <\/h2>\t\t\t\t<\/div>\n\t\t\t\t<\/div>\n\t\t\t\t<div class=\"elementor-element elementor-element-8309c95 elementor-widget elementor-widget-text-editor\" data-id=\"8309c95\" data-element_type=\"widget\" data-e-type=\"widget\" data-widget_type=\"text-editor.default\">\n\t\t\t\t<div class=\"elementor-widget-container\">\n\t\t\t\t\t\t\t\t\t<p>El prop\u00f3sito de este Proyecto es la exploraci\u00f3n de las necesidades de informaci\u00f3n de residentes de comunidades que enfrentan retos ambientales, sobre todo en los sectores costeros del pa\u00eds. Estos retos afectan las condiciones de vida de los residentes de estas comunidades y los mismos quedan vulnerables ante cualquier evento atmosf\u00e9rico que ocurra y afecte a Puerto Rico y la regi\u00f3n caribe\u00f1a.<\/p><p><span>Queremos escuchar de su propia experiencia que informaci\u00f3n ser\u00eda necesaria para que estas comunidades puedan tomar las decisiones mas informadas posibles y a la misma vez generar las opciones que puedan estar en sus manos al tener mas informaci\u00f3n sin que medien documentos e informes especializados que son costosos, voluminosos y en un lenguaje inaccesible para el ciudadano com\u00fan del pa\u00eds.\u00a0<\/span><\/p><p>Somos creyentes que, desde las comunidades, las bibliotecas de estas localidades y las organizaciones comunitarias que coinciden en estas localidades pueden conocer mas, tener mas participaci\u00f3n y aportar soluciones a la mitigaci\u00f3n o incluso prevenci\u00f3n de los efectos negativos de que estos retos ambientales representan. Por esta raz\u00f3n nuestro Programa de Ciencias de Informaci\u00f3n (antes EGCTI) elabor\u00f3 esta iniciativa que pretende continuar su misi\u00f3n de promover el acceso a la mas amplia informaci\u00f3n de parte de todos los interesados.<\/p><p>Esta iniciativa pretende continuar explorando estrategias innovadoras para desarrollar mas y mejores destrezas para identificar necesidades as\u00ed como para generar recursos informativos para las comunidades en donde trabajemos colectivamente residentes, estudiantes, docentes y profesionales de la informaci\u00f3n en diversos escenarios.<\/p>\t\t\t\t\t\t\t\t<\/div>\n\t\t\t\t<\/div>\n\t\t\t\t\t<\/div>\n\t\t<\/div>\n\t\t\t\t\t<\/div>\n\t\t<\/section>\n\t\t\t\t<\/div>\n\t\t","protected":false},"excerpt":{"rendered":"<p>\/*! elementor &#8211; v3.6.5 &#8211; 27-04-2022 *\/ .elementor-widget-image{text-align:center}.elementor-widget-image a{display:inline-block}.elementor-widget-image a img[src$=&#8221;.svg&#8221;]{width:48px}.elementor-widget-image img{vertical-align:middle;display:inline-block} \/*! elementor &#8211; v3.6.5 &#8211; 27-04-2022 *\/ .elementor-heading-title{padding:0;margin:0;line-height:1}.elementor-widget-heading .elementor-heading-title[class*=elementor-size-]&gt;a{color:inherit;font-size:inherit;line-height:inherit}.elementor-widget-heading .elementor-heading-title.elementor-size-small{font-size:15px}.elementor-widget-heading .elementor-heading-title.elementor-size-medium{font-size:19px}.elementor-widget-heading .elementor-heading-title.elementor-size-large{font-size:29px}.elementor-widget-heading .elementor-heading-title.elementor-size-xl{font-size:39px}.elementor-widget-heading .elementor-heading-title.elementor-size-xxl{font-size:59px} INFORMATION EMPOWERMENT Dise\u00f1o de &hellip; <\/p>\n","protected":false},"author":1,"featured_media":0,"parent":0,"menu_order":0,"comment_status":"closed","ping_status":"closed","template":"elementor_header_footer","meta":{"_crdt_document":"","footnotes":""},"class_list":["post-90","page","type-page","status-publish","hentry"],"_links":{"self":[{"href":"https:\/\/faci.uprrp.edu\/infoempowerment\/wp-json\/wp\/v2\/pages\/90","targetHints":{"allow":["GET"]}}],"collection":[{"href":"https:\/\/faci.uprrp.edu\/infoempowerment\/wp-json\/wp\/v2\/pages"}],"about":[{"href":"https:\/\/faci.uprrp.edu\/infoempowerment\/wp-json\/wp\/v2\/types\/page"}],"author":[{"embeddable":true,"href":"https:\/\/faci.uprrp.edu\/infoempowerment\/wp-json\/wp\/v2\/users\/1"}],"replies":[{"embeddable":true,"href":"https:\/\/faci.uprrp.edu\/infoempowerment\/wp-json\/wp\/v2\/comments?post=90"}],"version-history":[{"count":8,"href":"https:\/\/faci.uprrp.edu\/infoempowerment\/wp-json\/wp\/v2\/pages\/90\/revisions"}],"predecessor-version":[{"id":991,"href":"https:\/\/faci.uprrp.edu\/infoempowerment\/wp-json\/wp\/v2\/pages\/90\/revisions\/991"}],"wp:attachment":[{"href":"https:\/\/faci.uprrp.edu\/infoempowerment\/wp-json\/wp\/v2\/media?parent=90"}],"curies":[{"name":"wp","href":"https:\/\/api.w.org\/{rel}","templated":true}]}}